f d.
5, 11
Let g = 2430 + -306. Let u = -1118 + g. Suppose 1 + 256 = q + 5*c, 2*c + u = 4*q. What are the prime factors of q?
2, 3, 7
Let g(z) = 5*z**2 - 12*z - 12. Let j(f) = -5*f**2 + 11*f + 12. Let y(n) = 5*g(n) + 6*j(n). Let q be y(-6). What are the prime factors of (q/(-10))/(18/60)?
2, 17
Let t = -12258 + 16090. List the prime factors of t.
2, 479
Let d = 38288 + 988. What are the prime factors of d?
2, 3, 1091
Suppose 4*k - 5*y = 6893, 2*y - 1397 = -3*k + 3767. Suppose 15*d - 1706 = -2*l + 10*d, -k = -2*l - d. What are the prime factors of l?
863
Let u(d) = -514*d + 34. Let p be u(-6). Let o = p - 1732. Suppose -2*s - o = -16*s. What are the prime factors of s?
3, 11
Let o = 90 + -91. Let g(x) = 245*x**2 - 4*x - 5. List the prime factors of g(o).
2, 61
Let t = 82 + -79. Suppose -4*h + 4*f = -240, -3*h - 2*h + t*f = -292. List the prime factors of h.
2, 7
Suppose -5*v + 27 = -3*r, -2*v + 7*v - 25 = 5*r. Let s be (4/v)/(8/(-300)*-5). Suppose -z = -2*n - 83, -2*n = s*z - z - 302. List the prime factors of z.
7, 11
Let r(g) = 124*g**3 - g**2 + g + 91. What are the prime factors of r(6)?
5, 7, 13, 59
Let f(x) = x**2 + 11*x - 16. Let q(g) = g + 15. Let h be q(3). What are the prime factors of f(h)?
2, 11, 23
Let t be 2415/45 + 2/6. Suppose 3*p - 300 + t = 0. Suppose -2*s = -3*k - p, 8*k = 5*s + 3*k - 210. List the prime factors of s.
2, 11
Suppose 3*w + 3*h = 147, 5*h + 245 = 5*w - 0*h. Let v = -118 + w. Let f = v + 140. List the prime factors of f.
71
Let v(s) = 11*s - 12. Suppose 2*o + 3*j = -11, 0 = o - 0*j + 4*j - 2. Let d be v(o). Let i = d - -221. List the prime factors of i.
3, 11
Let a(m) = 3*m**3 - 28*m**2 + 44*m + 1. Let s(f) = -f**3 + 14*f**2 - 22*f - 1. Let l(i) = -2*a(i) - 5*s(i). List the prime factors of l(-16).
163
List the prime factors of ((-3428)/(-14))/((-27)/(-4914)).
2, 13, 857
Let c = 108 + -197. Let w = c + 60. What are the prime factors of -3 - w/(-1)*-3?
2, 3, 7
Let k(b) = 925*b**2 - 513*b + 3572. List the prime factors of k(7).
2, 3, 839
Suppose 0 = -2*r + 2*m - 2956, 2*r - 2*m = -r - 4434. Let x = 2560 + r. List the prime factors of x.
2, 541
Let r = 39777 - 27741. List the prime factors of r.
2, 3, 17, 59
Let t(l) = -3*l**2 + 8*l - 3. Let b be t(6). Let q = -109 + -29. Let g = b - q. List the prime factors of g.
3, 5
What are the prime factors of ((-1170)/135 - 4/(-6)) + 2385?
2377
Suppose 5 = -m - 3*v, 5*m - 3*v = 35 - 6. Let t be (-3)/(18/m)*(-45)/10. Suppose -19 = t*p - 55. What are the prime factors of p?
2, 3
What are the prime factors of (-38)/2 + (-1 - -2366)?
2, 3, 17, 23
Let z(p) = -127*p**3 + p**2 + 9*p + 47. What are the prime factors of z(-4)?
5, 7, 233
Let b = -5045 + 28245. List the prime factors of b.
2, 5, 29
Let s(q) = 5*q. Let u(k) = 60*k. Let b(v) = -35*s(v) + 3*u(v). Let a be b(0). Suppose 51*f - 47*f - 508 = a. List the prime factors of f.
127
Suppose p - 11848 = -2*s, -3*s - 3*p = -s - 11844. List the prime factors of s.
3, 5, 79
Let t(l) = -2*l**2 + 11*l - 5. Let q be t(4). Let a(j) = 97*j + 1. Let z be a(3). Suppose q*o - 5*o = z. List the prime factors of o.
2, 73
What are the prime factors of 5 - ((-9)/24 - (6 + (-1921320)/(-64)))?
2, 1877
What are the prime factors of (4 + 0 + 225344/(-42))*-3?
2, 4021
Let s be (26/(-5))/(14/(-70)). Let w = s - 28. List the prime factors of (245/w)/((-1)/2).
5, 7
Suppose 105*q + 900082 = 3470692. List the prime factors of q.
2, 12241
Suppose 3*o + 63 = 4950. Suppose -3*m + 17*s = 13*s - o, -3*m = -5*s - 1632. List the prime factors of m.
7, 11
Suppose 2*w + 5410 - 37552 = -4*r, -3*r - 2*w = -24107. List the prime factors of r.
5, 1607
Suppose 3 = -s + i + 6, 12 = 2*s + i. Suppose -2*p = -2*q + q - 1351, q + 3370 = s*p. What are the prime factors of p?
673
Let m be 2*4/(-8) + -61*2. Let l = 123 + m. Suppose l = -4*i + 5*h + 823, -5*i = -2*i - h - 609. List the prime factors of i.
2, 101
Suppose 0 = 3*p - 5*d - 68021 - 40770, -36241 = -p - 4*d. What are the prime factors of p?
13, 2789
Let d = -28978 - -42778. List the prime factors of d.
2, 3, 5, 23
Suppose 27*f - 335 = 22*f. Let j = -21 + f. Suppose 5*a - w - 100 = w, 3*a - 4*w - j = 0. What are the prime factors of a?
2, 11
Let i(q) = 4*q**2 - 13*q + 33. Let n(t) = 2*t**2 - 6*t + 14. Let b(a) = -3*i(a) + 7*n(a). Let c(l) = 6*l + 1. Let s be c(-1). List the prime factors of b(s).
2
Let i = -9 - -14. Suppose i*n - n - 3*v = -33, -4*n - v = 21. List the prime factors of (2 - 29)/(n/18).
3
Suppose 126*f = 5*f + 7*f + 633954. List the prime factors of f.
67, 83
Let y = -91 - -3219. What are the prime factors of y?
2, 17, 23
Let h(c) = 37*c**2 + 2*c - 8. Let a be h(-4). Let z = a - -239. What are the prime factors of z?
5, 163
Suppose 11*n + 24660 - 76327 = 0. List the prime factors of n.
7, 11, 61
Let y = -193 - -99. Let a = y + 97. Suppose -a*m - 22 = -4*j, 0 = j - 0*j + 2*m. What are the prime factors of j?
2
Suppose -6*z = -72 - 36. What are the prime factors of -1 - -3 - (-3240)/z?
2, 7, 13
Suppose 48*k - 59*k = -88. Suppose 2036 = k*l - 6*l. What are the prime factors of l?
2, 509
Suppose -64*k + 80 = -48*k. Let j = -8 + 8. Suppose j = k*h - 381 - 134. List the prime factors of h.
103
Let k(o) = -18*o - 35. Let q be k(-2). Suppose -q = -y, -4*x - 3*y = -3*x - 82. What are the prime factors of x?
79
Suppose -y + 11 = -3*n, -y = 4*n - 14 + 10. What are the prime factors of y/60 + 5878/15?
2, 7
Suppose -2 = -2*y, 13*y = -3*p + 10*y - 27. Let g(c) = 2*c**3 + 22*c**2 - 10*c - 14. What are the prime factors of g(p)?
2, 11, 13
Suppose 3*k - n - 4 = 0, -2*k + 0*n + 5 = -3*n. Let c be 10/(-20) - -9*k/2. Suppose 5*h + 2*p = 4*p + 126, 0 = c*h + 4*p - 112. List the prime factors of h.
2, 13
Let u(x) be the first derivative of -x**2 + 7 + 1/3*x**3 + 9*x. List the prime factors of u(5).
2, 3
Suppose -53423 = -8*d + 205687 + 24570. List the prime factors of d.
2, 3, 5, 197
Let g(t) be the first derivative of -23*t**2/2 - 13*t + 10. Let n be g(-6). Suppose -a + 103 = -n. What are the prime factors of a?
2, 3, 19
Let t(g) = -2604*g + 267. List the prime factors of t(-1).
3, 11, 29
Suppose 3*w + 3*v - 5355 - 2910 = 0, 3*w - 3*v = 8229. List the prime factors of w.
2749
Suppose 39*o - 3*o = 226*o - 1631340. What are the prime factors of o?
2, 3, 53
Let v = 4423 + -3450. List the prime factors of v.
7, 139
What are the prime factors of (1*-1986)/(285/(-4940))?
2, 13, 331
Suppose 4*u = x - 588, 0*u - 2*x = -2*u - 294. What are the prime factors of 7942/14 + 42/u?
3, 7
Let a be (0/8)/(-1 + 2). Suppose w - 2*n = 3, a*w = -3*w - 2*n - 15. Let o(g) = -g**3 + 6*g**2 + 4*g - 9. What are the prime factors of o(w)?
2, 3, 5
Suppose -12*f = -19 - 5. Suppose 2*l = 2*y - 186, f*l - 279 = y - 4*y. List the prime factors of y.
3, 31
Suppose -18*t - 4411 + 154639 = 0. List the prime factors of t.
2, 3, 13, 107
Let w(l) = -35*l**3 + 2*l**2 - l - 2. Let n be w(-1). Let s = n - 34. Suppose 2*i + 1050 = 7*i - d, 0 = s*i + 5*d - 420. What are the prime factors of i?
2, 3, 5, 7
Suppose 21 - 3 = -9*u. Let w be 9505/(-55)*1 + u/11. What are the prime factors of 1/2*-2 - (w + 0)?
2, 43
Let i be (-2 - 0) + (-273)/(-7). Suppose 6*u - i - 53 = 0. List the prime factors of 1*52*u/4.
3, 5, 13
Let f be (-8)/((-24)/(-9)) - -9. Suppose 0 = -3*z + z - f. List the prime factors of 2 + z/(9/(-114)).
2, 5
Let x be (-676)/14 + (96/56)/6. Let a = x + 52. Suppose a*r - 850 + 6 = 0. List the prime factors of r.
211
Suppose -3*x + 54 = -4*b + 7*b, 4*x - 2*b - 72 = 0. Suppose -8*i = -2*i + x. List the prime factors of (-5)/(5/i) - -21.
2, 3
Suppose 0 = 13*w + 849 + 35. Let q = w + 95. List the prime factors of (-24)/q*-6*(-39)/(-1).
2, 13
Let v = -895 - -423. Let q = 766 + v. List the prime factors of q.
2, 3, 7
Suppose 27*c + 114*c - 6012292 = -112*c. List the prime factors of c.
2, 13, 457
Let g(s) = -8809*s + 275. What are the prime factors of g(-1)?
2, 3, 757
Suppose 14*m - 33669 = -46515 + 191304. List the prime factors of m.
3, 7, 607
Suppose 13 = -5*k - 2, -2*k = f - 846. Let q = -327 + f. What are the prime factors of q?
3, 5, 7
Suppose 7095*c - 7093*c = 30222. List the prime factors of c.
3, 23, 73
Suppose 3*a - 2*a = 0. Suppose -2*k - r + 11 = a, 0*k - 25 = -5*k - 2*r. Let i(h) = h**3 + 3*h**2 + 2*h. List the prime factors of i(k).
2, 3, 5
Let x(k) 